0 + 0)/1)/m. Suppose -2*i + p = -38. Is i prime?
True
Let f(o) be the first derivative of 19*o**3 - o + 1. Let g be f(-1). Is ((-159)/(-6))/(4/g) composite?
True
Suppose -3*z - j - 79 = 0, 0*z + 42 = -2*z + 2*j. Is (1 - -4)*(-445)/z a prime number?
True
Let h(l) = l**3 - 4*l**2 - 5*l + 4. Let m be h(5). Suppose q = -m*q + 95. Is q a composite number?
False
Let x(o) be the first derivative of o**2/2 + 9*o - 2. Let r be x(7). Let f = 39 - r. Is f a composite number?
False
Let p(v) = -v + 7. Let d be p(6). Suppose -31 = x + d. Let i = x - -54. Is i a composite number?
True
Suppose 0 = -3*x - o + 6*o + 70, 5*x - 65 = -2*o. Let t = x + 4. Is t composite?
False
Let a(g) = -g**2 - 5*g + 2. Let m be a(4). Let w = 47 + m. Is w a prime number?
True
Let y be 0 - (0 - 6/2). Suppose 0 = 3*d + d - 20, 3*d = -y*l + 456. Suppose 2*z + z = l. Is z prime?
False
Suppose -3*q = -2*h + 192, 3*h = h - 5*q + 176. Is h prime?
False
Suppose -15 = 6*s - s + 2*q, -3*s = q + 8. Let p(a) = -74*a. Is p(s) a composite number?
True
Let f(x) = 5*x**2 + x - 4. Let d be f(-3). Is 1/(-3)*d*-3 composite?
True
Let s = 62 + -13. Let d = -80 + s. Let n = 54 + d. Is n a composite number?
False
Let s(r) = 15*r - 6. Let u be s(3). Suppose t - u = -2*t. Is t prime?
True
Let g = 971 + -610. Suppose 0 = i + 4*s - 79, i - g = -3*i - s. Is i prime?
False
Suppose -4*a = -w + 735, 3*w - 3119 = 3*a - 878. Is w a prime number?
True
Let v = 624 - 251. Is v composite?
False
Suppose 4*j - 170 = -j. Is j composite?
True
Let s = 176 - 109. Is s a prime number?
True
Let g = -16 + 20. Suppose -27 = -g*v + 129. Is v composite?
True
Is 1836/6 + 0 + 3 prime?
False
Let r(g) = -g**3 - 5*g**2 + 7*g + 5. Let j be r(-6). Let h(l) = -593*l**3 + 2*l + 1. Let y be h(j). Suppose -4*i + y = 116. Is i a composite number?
True
Let y = -7 - -9. Suppose 2*t - 210 = -5*d + 19, -371 = -3*t - y*d. Is t a prime number?
True
Let y(n) = -n**3 + 12*n**2 + 7*n + 5. Is y(12) a prime number?
True
Let n(b) be the second derivative of -7*b**3 + b**2/2 - 2*b. Is n(-3) a prime number?
True
Let p be 1*-1*(-2 - 0). Is (-7625)/(-10) - p/(-4) prime?
False
Suppose 26 + 24 = 4*g - 5*s, 2*g + 3*s - 14 = 0. Is g a composite number?
True
Suppose 1388 = 2*r + 5*z, 3 = -2*z + 7. Is r prime?
False
Suppose -3*n = 5*w - 457, -4*n + n + 437 = -5*w. Is n a composite number?
False
Let j = 160 - 90. Suppose -p + j = 2. Suppose -m + p = m. Is m a prime number?
False
Suppose 2*w + 2*o = -16, -28 = w + w + 5*o. Is 890/6 - w/6 a composite number?
False
Let v(b) = -b**3 + 18*b**2 + b - 1. Is v(14) composite?
False
Suppose 4*y - 4*o - 74 = 382, 0 = -4*y + 3*o + 453. Is y composite?
True
Let w(i) = 24*i - 9. Let z be w(6). Let g = z + -20. Is g composite?
True
Let m(q) = -q**3 + 11*q**2 - 7*q - 7. Suppose -2*w + x + 15 = 0, 0*x + 33 = 5*w - x. Is m(w) a composite number?
False
Suppose -5*y - l - 14 = -54, -31 = -3*y - 2*l. Is y prime?
True
Suppose -681 = -6*k + 2709. Is k composite?
True
Suppose -9*t = -11965 - 10112. Is t prime?
False
Let p = -235 + 393. Suppose 0 = -4*u - 2*a + 244, 5*u - 117 = 5*a + p. Is u prime?
True
Let v = 539 + 48. Is v a composite number?
False
Suppose 0 = 3*v - 3 - 6. Suppose -8*d + 4*d - 4*t = -724, -v*t = 4*d - 720. Is d prime?
False
Suppose 3*v - 114 = 117. Suppose -x + v = -0*x. Is x composite?
True
Let z(k) = 4*k**3 + 3*k**2 - 3*k + 5. Let o(b) = 5 + 5*b**3 - 3*b - 6 + 4*b**2 + 6. Let p(q) = -5*o(q) + 6*z(q). Is p(-6) a prime number?
True
Suppose 5*r = 4*r + 63. Suppose 2*i + i = r. Is i composite?
True
Let w = -324 - -457. Is w prime?
False
Let v(w) = -13*w**3 - 6*w**2 - 4*w - 1. Is v(-4) composite?
False
Let h = 140 + 21. Suppose 3*b - 2*b = h. Is b a composite number?
True
Let t = -54 + 167. Is t composite?
False
Let j be (-2)/7 + 830/14. Let l = -4 - 26. Let d = j - l. Is d composite?
False
Suppose -7*s + 96 = -163. Is s prime?
True
Let n = 112 - 45. Is n prime?
True
Let r = 42 + -30. Is 158/8 + r/(-16) a composite number?
False
Suppose c = -x + 6808, -2*x = -0*c - 2*c - 13596. Is x a prime number?
True
Let r = 8 + -5. Let a(q) = -2 - 5*q**2 - 5 - 2*q + 2 + q**r. Is a(7) a prime number?
True
Let s(p) = -14*p + 3. Is s(-9) composite?
True
Suppose -4*r = r - 5*v - 1670, -4*r = 4*v - 1296. Is r a prime number?
False
Suppose -5*g + 9451 = -3*u, 4*g - 634 - 6914 = -4*u. Is g a prime number?
True
Let y(c) be the third derivative of -c**5/60 - 5*c**4/12 - 5*c**3/6 - 2*c**2. Let z be y(-9). Suppose 2*t - t + 180 = 5*m, -z*m + 163 = 3*t. Is m composite?
False
Let d(n) = n**2 - 6*n + 2. Let o be d(6). Suppose 0 = -5*g - 4*f + 555, g - 5*g = -4*f - 444. Suppose b + o*b = g. Is b prime?
True
Suppose -8*t = -6*t - 1226. Is t prime?
True
Let o be (-50)/(-8) - 3/12. Suppose -x = -o*x + 30. Is x a composite number?
True
Let b(j) = j**3 + 16*j**2 - 34*j - 1. Is b(-15) composite?
True
Suppose 3*j - 9 = 2*t - 3, 5*t - 11 = j. Suppose -t*s + y + 240 = 4*y, s = 2*y + 89. Let i = s + -48. Is i prime?
False
Is 1330/4 + 36/24 composite?
True
Let d be (2 - 0)*(-6)/(-4). Suppose r = q + 64, -r - d*q = 2 - 46. Is r composite?
False
Suppose 10 + 0 = -2*h. Let b(r) = r**2 - 7*r - 3. Is b(h) a prime number?
False
Suppose 5*g + 3974 = 7*g. Is g a composite number?
False
Suppose 5*f = -5*d + 55, 4*f - 20 = -0*f. Let z be (0 + -1)/(d/(-18)). Suppose 2*h + 5 = z*b - 23, 40 = 5*b - 2*h. Is b prime?
False
Let b(r) = 2. Let q(f) = 5. Let n(y) = -8*b(y) + 3*q(y). Let h(z) = -128*z. Let p(k) = h(k) + n(k). Is p(-1) composite?
False
Suppose 2 = 4*n - 2. Let k be 1 - 0 - n/(-1). Is (-108 + k)*1/(-2) composite?
False
Suppose -5*j = -30 - 10. Is (-6 - 0)*j/(-12) composite?
True
Let k = -518 + 825. Is k a composite number?
False
Let k = -77 + 5. Let f = 39 - k. Is f a prime number?
False
Let x be (115/10)/((-2)/(-24)). Let o be x/(-4)*(-40)/6. Suppose -4*m - 2*f = -o, 2*f = -3*m - f + 180. Is m composite?
True
Suppose h + 12 = o, 4*o - 3*h - 48 = -0*h. Suppose 6*b - 4*b - 3*q + 6 = 0, q = -b + 2. Suppose b = -3*p - 6, -3*i + o - 4 = 5*p. Is i prime?
False
Let s be ((-27)/(-4))/(3/8). Is (-12)/s*(-141)/2 composite?
False
Suppose -1 + 21 = 4*s. Let u(y) = s + 7*y - 6 - 4. Is u(4) a composite number?
False
Suppose -5*t - 92 + 747 = 0. Is t a composite number?
False
Suppose 0*o - b - 117 = -3*o, -b - 79 = -2*o. Suppose 5*x - o - 89 = -2*t, 2*x = -t + 65. Is t composite?
False
Suppose 0 = 20*z - 21*z - 93. Let x = z + 304. Is x a composite number?
False
Let i(p) = 8*p**2 - 6*p - 15. Is i(11) prime?
True
Suppose -2 = -t + 1. Let x = t + 118. Is x prime?
False
Suppose 2*g - 595 = -187. Let q = -110 + g. Is q a prime number?
False
Suppose 0 = -o + 2*f + 1951, 4*o - 4690 = -5*f + 3153. Is o a composite number?
True
Suppose 0*w + w = 58. Suppose 4 = 2*m - w. Is m prime?
True
Let r(w) = w**2 + 3*w - 1. Suppose 7*u = 4*u. Suppose -j = -u*j + 9. Is r(j) composite?
False
Let x(j) = 8*j**2 - 13*j - 6. Is x(-5) prime?
False
Let i(b) = 32*b**2 + 2*b - 1. Let c be i(-3). Suppose -5*p + 273 = x, 3*x = 3*p + 2*p - c. Is p a prime number?
False
Let h = 35 - 20. Suppose 3*i - h = 2*i. Is i a composite number?
True
Let x be 18/(3 + 0) + -2. Is (614/x)/((-8)/(-16)) a composite number?
False
Suppose -3*c + 2*y + 23 = 0, -2*y + 2 = -2. Suppose -4*o = -5*d - 10 - 10, -3*d - 3*o = -15. Suppose -s - 188 = -5*i, 4*s - s + c = d. Is i composite?
False
Suppose -5*d + 3*l = -3460, -2*d + 758 = 2*l - 642. Is d a prime number?
False
Let q = 12 + -20. Let o(z) = 41 + 41 - 79 - 2*z. Is o(q) composite?
False
Let u be (-3)/(-5) + 22/5. Suppose -u*m - 2*l + 112 = 0, -2*l = -6*l + 4. Is m a composite number?
True
Let b(o) = o + 7 + 8*o + o**2 - o. Let p be b(-7). Suppose p*v = v - 38. Is v prime?
False
Suppose 4*x = 4*w + 36, -w + 23 - 4 = 3*x. Let t(s) = 4*s**2 - 7*s + x*s + 8*s + 7. Is t(-5) a composite number?
False
Suppose 13 = -2*v + 115. Suppose -4*y + 12 = -0*y + 5*h, -3*y - 3*h = -9. Suppose -78 = -y*x + v. Is x prime?
True
Suppose -5*u - 112 = -2537. Is u prime?
False
Let z = -87 - -128. Suppose -3*n - w - 26 = 6, -30 = 4*n - 5*w. Let l = z + n. Is l a prime number?
True
Let l = -13 - -19. Is 2/(-3) - (-214)/l a prime number?
False
Is 20/(-8)*-2*37 prime?
False
Let p be 2/(-6) - (-26)/6. Suppose -p*a = -4*q - 1248, 3*a - 358 - 582 = 2*q. Suppose -a = f - 5*f. Is f a prime number?
True
Let p